
{"id":14974,"date":"2017-04-06T10:57:38","date_gmt":"2017-04-06T10:57:38","guid":{"rendered":"https:\/\/goodwish.qodeinteractive.com\/?page_id=14974"},"modified":"2026-01-12T16:53:23","modified_gmt":"2026-01-12T15:53:23","slug":"team-member","status":"publish","type":"page","link":"https:\/\/amisnotredamedebeauvoir.com\/index.php\/team-member\/","title":{"rendered":"Partenaires"},"content":{"rendered":"\t\t<div data-elementor-type=\"wp-page\" data-elementor-id=\"14974\" class=\"elementor elementor-14974\">\n\t\t\t\t\t\t\t\t\t<section class=\"elementor-section elementor-top-section elementor-element elementor-element-3cb2eb22 elementor-section-boxed elementor-section-height-default elementor-section-height-default edgtf-elementor-container-no edgtf-section edgtf-parallax-section-holder-touch-disabled edgtf-parallax-section-no\" data-id=\"3cb2eb22\" data-element_type=\"section\">\n\t\t\t\t\t\t<div class=\"elementor-container elementor-column-gap-default\">\n\t\t\t\t\t<div class=\"elementor-column elementor-col-100 elementor-top-column elementor-element elementor-element-35c14654\" data-id=\"35c14654\" data-element_type=\"column\">\n\t\t\t<div class=\"elementor-widget-wrap elementor-element-populated\">\n\t\t\t\t\t\t\t\t<div class=\"elementor-element elementor-element-2e46af59 elementor-widget elementor-widget-text-editor\" data-id=\"2e46af59\" data-element_type=\"widget\" data-widget_type=\"text-editor.default\">\n\t\t\t\t<div class=\"elementor-widget-container\">\n\t\t\t<style>\/*! elementor - v3.12.2 - 23-04-2023 *\/\n.elementor-widget-text-editor.elementor-drop-cap-view-stacked .elementor-drop-cap{background-color:#69727d;color:#fff}.elementor-widget-text-editor.elementor-drop-cap-view-framed .elementor-drop-cap{color:#69727d;border:3px solid;background-color:transparent}.elementor-widget-text-editor:not(.elementor-drop-cap-view-default) .elementor-drop-cap{margin-top:8px}.elementor-widget-text-editor:not(.elementor-drop-cap-view-default) .elementor-drop-cap-letter{width:1em;height:1em}.elementor-widget-text-editor .elementor-drop-cap{float:left;text-align:center;line-height:1;font-size:50px}.elementor-widget-text-editor .elementor-drop-cap-letter{display:inline-block}<\/style>\t\t\t\t<p>[vc_row content_width=\u00a0\u00bbgrid\u00a0\u00bb css=\u00a0\u00bb.vc_custom_1491569179737{padding-bottom: 90px !important;}\u00a0\u00bb][vc_column offset=\u00a0\u00bbvc_col-lg-6 vc_col-md-6 vc_col-xs-12&Prime;][vc_single_image image=\u00a0\u00bb21403&Prime; img_size=\u00a0\u00bbfull\u00a0\u00bb][vc_empty_space height=\u00a0\u00bb70px\u00a0\u00bb][vc_single_image image=\u00a0\u00bb21415&Prime; img_size=\u00a0\u00bbfull\u00a0\u00bb][\/vc_column][vc_column offset=\u00a0\u00bbvc_col-lg-6 vc_col-md-6 vc_col-xs-12&Prime;]<div class=\"edgtf-elements-holder edgtf-responsive-mode-768\" ><div class=\"edgtf-elements-holder-item \" data-item-class=\"edgtf-elements-holder-custom-949158\" data-1280-1600=\"2% 7% 2% 5%\" data-1024-1280=\"2% 7% 2% 5%\" data-768-1024=\"2% 0% 2% 3%\" data-600-768=\"5% 0% 1% 0%\" >\n\t\t<div class=\"edgtf-elements-holder-item-inner\">\n\t\t<div class=\"edgtf-elements-holder-item-content edgtf-elements-holder-custom-949158\" style=\"padding: 2% 7% 2% 5%\">\n\t\t\t[vc_column_text]<\/p><h2>La Fondation d&rsquo;entreprise du Cr\u00e9dit Agricole<\/h2><p>[\/vc_column_text][vc_empty_space height=\u00a0\u00bb35px\u00a0\u00bb][vc_column_text]Nous avons le plaisir de compter parmi nos premiers m\u00e9c\u00e8nes la Fondation d&rsquo;Entreprise du <strong>Cr\u00e9dit Agricole Alpes Provence<\/strong>.<\/p><p>En effet, celle-ci vient de faire un don \u00e0 l&rsquo;association des Amis de Notre-Dame de Beauvoir d&rsquo;un montant de <strong>5 000,00 \u20ac<\/strong>.<\/p><p>Nous lui en sommes tr\u00e8s reconnaissants.[\/vc_column_text][vc_empty_space height=\u00a0\u00bb380px\u00a0\u00bb][vc_column_text]<\/p><h2>La Maison de Beaumont<\/h2><p>[\/vc_column_text][vc_empty_space height=\u00a0\u00bb35px\u00a0\u00bb][vc_column_text]L&rsquo;association <em>Les amis de Notre-Dame de Beauvoir<\/em> a pour partenaire <em>La Maison de Beaumont.\u00a0<\/em>R\u00e9sidence de d&rsquo;artistes et chambre d&rsquo;h\u00f4te, <em>La Maison de Beaumont<\/em> se loge dans l&rsquo;ancienne \u00e9cole de Beaumont de Pertuis. Nous nous associons \u00e0 elle pour des concerts de musique classique, une fois par an.[\/vc_column_text]\t\t<\/div>\n\t<\/div>\n\t<\/div><\/div>[\/vc_column][\/vc_row]<\/p><h2>L&rsquo;Observatoire du patrimoine religieux<\/h2><p><span style=\"color: var( --e-global-color-text ); font-family: var( --e-global-typography-text-font-family ), Sans-serif; font-weight: var( --e-global-typography-text-font-weight ); font-size: 14px;\">L&rsquo;OPR a son si\u00e8ge social \u00e0 Paris. Il a pour but de r\u00e9unir tous les \u00e9l\u00e9ments d&rsquo;informations sur le patrimoine religieux interconfessionnel, public ou priv\u00e9, situ\u00e9 en France, et de le faire conna\u00eetre pour contribuer \u00e0 sa mise en valeur et \u00e0 sa conservation.<\/span><\/p>\t\t\t\t\t\t<\/div>\n\t\t\t\t<\/div>\n\t\t\t\t\t<\/div>\n\t\t<\/div>\n\t\t\t\t\t\t\t<\/div>\n\t\t<\/section>\n\t\t\t\t\t\t\t<\/div>\n\t\t","protected":false},"excerpt":{"rendered":"<p>[vc_row content_width=\u00a0\u00bbgrid\u00a0\u00bb css=\u00a0\u00bb.vc_custom_1491569179737{padding-bottom: 90px !important;}\u00a0\u00bb][vc_column offset=\u00a0\u00bbvc_col-lg-6 vc_col-md-6 vc_col-xs-12&Prime;][vc_single_image image=\u00a0\u00bb21403&Prime; img_size=\u00a0\u00bbfull\u00a0\u00bb][vc_empty_space height=\u00a0\u00bb70px\u00a0\u00bb][vc_single_image image=\u00a0\u00bb21415&Prime; img_size=\u00a0\u00bbfull\u00a0\u00bb][\/vc_column][vc_column offset=\u00a0\u00bbvc_col-lg-6 vc_col-md-6 vc_col-xs-12&Prime;][\/vc_column][\/vc_row] L&rsquo;Observatoire du patrimoine religieux L&rsquo;OPR a son si\u00e8ge social \u00e0 Paris. Il a pour but de r\u00e9unir tous les \u00e9l\u00e9ments d&rsquo;informations sur le patrimoine religieux interconfessionnel, public ou priv\u00e9, situ\u00e9 en France, et de le faire conna\u00eetre pour contribuer&#8230;<\/p>\n","protected":false},"author":1,"featured_media":0,"parent":0,"menu_order":0,"comment_status":"closed","ping_status":"closed","template":"","meta":[],"_links":{"self":[{"href":"https:\/\/amisnotredamedebeauvoir.com\/index.php\/wp-json\/wp\/v2\/pages\/14974"}],"collection":[{"href":"https:\/\/amisnotredamedebeauvoir.com\/index.php\/wp-json\/wp\/v2\/pages"}],"about":[{"href":"https:\/\/amisnotredamedebeauvoir.com\/index.php\/wp-json\/wp\/v2\/types\/page"}],"author":[{"embeddable":true,"href":"https:\/\/amisnotredamedebeauvoir.com\/index.php\/wp-json\/wp\/v2\/users\/1"}],"replies":[{"embeddable":true,"href":"https:\/\/amisnotredamedebeauvoir.com\/index.php\/wp-json\/wp\/v2\/comments?post=14974"}],"version-history":[{"count":92,"href":"https:\/\/amisnotredamedebeauvoir.com\/index.php\/wp-json\/wp\/v2\/pages\/14974\/revisions"}],"predecessor-version":[{"id":22801,"href":"https:\/\/amisnotredamedebeauvoir.com\/index.php\/wp-json\/wp\/v2\/pages\/14974\/revisions\/22801"}],"wp:attachment":[{"href":"https:\/\/amisnotredamedebeauvoir.com\/index.php\/wp-json\/wp\/v2\/media?parent=14974"}],"curies":[{"name":"wp","href":"https:\/\/api.w.org\/{rel}","templated":true}]}}